24057. Give g(11).
11
Let u(y) = 6*y**2 + 410*y + 238. Calculate u(-68).
102
Let s(m) = m - 67. Calculate s(24).
-43
Let m(o) = o**2 - 358*o - 3297. What is m(-9)?
6
Let y(x) = x**2 + 43*x + 428. Calculate y(-27).
-4
Let h(d) = -14*d + 1549. Give h(106).
65
Let d(w) = -w**3 + 11*w**2 + 326*w - 3119. Determine d(9).
-23
Let w(v) = -122*v + 111. What is w(1)?
-11
Let m(l) = -73*l + 118. Calculate m(4).
-174
Let d(j) = -j**3 - 23*j**2 - 73*j + 194. Calculate d(-19).
137
Let h(k) = 2773*k - 19427. Calculate h(7).
-16
Let a(m) = -136*m**2 + 26*m - 52. Calculate a(2).
-544
Let i(v) = -2152*v - 38726. Give i(-18).
10
Let s(a) = 201*a + 9807. Calculate s(-49).
-42
Let r(d) = d**3 - 16*d**2 - 66*d + 2. Determine r(-4).
-54
Let b(n) = -686*n - 669. Give b(-1).
17
Let k(o) = -o**3 - 22*o**2 - 61*o + 22. Determine k(-19).
98
Let k(z) = z**3 - 2*z**2 + 46*z + 198. Calculate k(-4).
-82
Let y(g) = -90*g + 1613. Give y(18).
-7
Let r(i) = 2*i**2 + 34*i - 3. Calculate r(-11).
-135
Let t(q) = -64*q + 1273. What is t(19)?
57
Let k(s) = 14*s - 307. What is k(24)?
29
Let p(c) = 950*c + 6622. Give p(-7).
-28
Let f(j) = -38*j - 671. Calculate f(-19).
51
Let w(q) = q**2 - 74*q + 1355. Give w(33).
2
Let m(w) = -w**3 + 62*w**2 - 676*w + 29443. Give m(59).
2
Let p(h) = 23*h - 473. Calculate p(21).
10
Let u(g) = -34*g + 486. Determine u(13).
44
Let t(x) = -2*x**2 - 58*x + 991. Calculate t(-41).
7
Let w(z) = 115*z + 2527. What is w(-22)?
-3
Let w(i) = 3*i**3 + 31*i**2 - 35*i - 468. Calculate w(-10).
-18
Let f(d) = 14*d + 94. Give f(-5).
24
Let l(g) = -g**2 - 58*g - 244. Give l(-45).
341
Let z(r) = r**3 + 37*r**2 + 144*r - 517. What is z(-32)?
-5
Let q(l) = -l**3 + 14*l**2 - 21*l - 105. Calculate q(7).
91
Let y(u) = -50*u**2 + 260*u - 15. Give y(7).
-645
Let g(r) = -305*r - 47271. What is g(-155)?
4
Let z(p) = -2*p**2 - 240*p - 2962. Determine z(-14).
6
Let n(k) = k**3 - 16*k**2 + 8*k - 98. Determine n(16).
30
Let d(o) = -o**2 - 209*o - 4125. Calculate d(-22).
-11
Let r(u) = 2*u**3 - 16*u**2 + 6*u - 15. Calculate r(7).
-71
Let p(t) = t**2 + 187*t - 4152. Give p(-207).
-12
Let l(w) = -55*w + 135. Calculate l(3).
-30
Let y(t) = 147*t + 1170. Give y(-8).
-6
Let q(d) = -4*d - 75. Calculate q(17).
-143
Let v(r) = -5*r**2 + 36*r - 20. Calculate v(8).
-52
Let i(o) = -o**3 + 39*o**2 - 36*o - 103. Calculate i(38).
-27
Let o(i) = 432*i - 852. Calculate o(2).
12
Let b(f) = 3*f**2 - 304*f - 1489. Determine b(106).
-5
Let t(x) = -x**3 - 45*x**2 - 419*x - 83. Determine t(-32).
13
Let k(b) = -b**3 + 30*b**2 + 77*b - 1428. Determine k(31).
-2
Let o(w) = -36*w - 109. Give o(-4).
35
Let p(t) = -33*t + 39. Calculate p(2).
-27
Let m(f) = -f**3 + 24*f**2 + 44*f - 479. What is m(25)?
-4
Let u(b) = -36*b + 2346. Calculate u(65).
6
Let c(w) = -35*w + 3151. What is c(87)?
106
Let u(y) = -y**3 - y**2 + 181*y + 9. Give u(13).
-4
Let v(b) = -b**3 + 57*b + 158. Give v(-4).
-6
Let u(c) = c**2 + 161*c + 6374. Calculate u(-70).
4
Let h(c) = 118*c - 240. Give h(2).
-4
Let r(b) = -4328*b - 8738. Determine r(-2).
-82
Let y(r) = -3*r**2 + 90*r - 267. Determine y(3).
-24
Let y(x) = 414*x + 14477. Calculate y(-35).
-13
Let i(w) = 86*w**2 + 15*w - 21. Calculate i(2).
353
Let q(f) = -497*f**2 - 34*f. What is q(-1)?
-463
Let a(v) = 2*v**3 + 79*v**2 + 447*v - 45. Determine a(-7).
11
Let n(m) = m**2 + 1219*m + 32194. Give n(-27).
10
Let r(z) = -965*z + 6759. What is r(7)?
4
Let c(r) = r**3 + 3*r**2 - 41*r - 2. Determine c(-8).
6
Let q(y) = -y**3 - 7*y**2 - 23*y - 66. Determine q(-5).
-1
Let k(b) = -5170*b + 315376. Give k(61).
6
Let o(h) = -1437*h - 7200. Determine o(-5).
-15
Let j(s) = 19*s**2 + 372*s + 185. Calculate j(-19).
-24
Let r(j) = -2*j**2 + 350*j - 2153. Give r(6).
-125
Let n(z) = 250*z + 28232. Calculate n(-113).
-18
Let p(b) = 51*b - 943. What is p(19)?
26
Let h(n) = -58*n**2 + 1100*n + 35. Calculate h(19).
-3
Let w(c) = 18*c + 1001. Give w(-57).
-25
Let w(i) = -20*i - 112. Determine w(-3).
-52
Let f(p) = p**3 - 39*p**2 - 38*p - 200. Determine f(40).
-120
Let f(l) = 280*l + 13153. Give f(-47).
-7
Let y(h) = -h**2 - 218*h + 3032. Calculate y(13).
29
Let o(u) = 238*u - 247. Determine o(1).
-9
Let n(r) = -140*r - 23. Calculate n(0).
-23
Let j(r) = -376*r**2 + 249*r - 249. Calculate j(1).
-376
Let k(z) = 286*z - 34890. Calculate k(122).
2
Let m(l) = l**2 - 54*l - 148. Give m(60).
212
Let n(i) = 2*i**3 - 27*i**2 - 203*i + 2644. Determine n(14).
-2
Let s(v) = v**3 + 12*v**2 - 51*v + 51. Determine s(-16).
-157
Let a(x) = -5*x + 78. What is a(-4)?
98
Let d(q) = -64*q + 865. What is d(8)?
353
Let t(i) = -i**3 - i**2 - 3*i - 582. Determine t(0).
-582
Let a(d) = -95*d**2 + 8642*d + 279. Calculate a(91).
6
Let w(h) = -12*h + 6. Calculate w(-10).
126
Let g(o) = o**3 - 4*o**2 - 45*o + 40. What is g(8)?
-64
Let v(o) = -o**3 - o**2 - 27*o + 6. What is v(-10)?
1176
Let s(v) = v**3 - 22*v**2 + 27*v - 44. Calculate s(22).
550
Let x(v) = -v**3 + 26*v**2 - 40*v - 680. Determine x(23).
-13
Let m(q) = -6*q + 180. Determine m(20).
60
Let m(z) = z**2 + 59*z + 288. Give m(-6).
-30
Let b(d) = 86*d + 1093. Give b(-13).
-25
Let j(z) = -z**3 + z**2 + 15*z + 9. Determine j(-4).
29
Let o(m) = -49*m - 5453. Give o(-113).
84
Let g(l) = -3*l**3 - 241*l - 240. Give g(-1).
4
Let g(z) = -z**3 - 8*z**2 - 30*z - 190. What is g(-7)?
-29
Let h(x) = x**3 + 70*x**2 + 440*x - 53. What is h(-63)?
10
Let l(p) = -p**2 + 226*p - 1738. What is l(8)?
6
Let o(x) = -2*x**3 - 2*x**2 - 30*x - 54. What is o(-2)?
14
Let v(y) = -y**3 + 3*y**2 + 25*y + 22. Determine v(7).
1
Let v(a) = 52*a + 986. Give v(-19).
-2
Let z(u) = -641*u**2 - 1285*u - 1. Give z(-2).
5
Let h(f) = 1694*f - 1556. What is h(1)?
138
Let w(h) = -29*h - 40. Give w(-7).
163
Let z(h) = h**2 - 100*h - 6909. Determine z(-47).
0
Let m(d) = 18*d**3 + 44*d**2 + 8*d + 10. Calculate m(-3).
-104
Let a(u) = 4*u**2 + 27*u - 6. Determine a(-7).
1
Let c(j) = -2*j**3 - 24*j**2 + 223*j - 34. Calculate c(6).
8
Let h(u) = u**3 - 21*u**2 - 2*u - 14. Calculate h(0).
-14
Let p(y) = -2*y**3 + 60*y**2 + 9*y - 259. What is p(30)?
11
Let g(t) = 4*t**2 - 51*t - 848. Calculate g(22).
-34
Let z(r) = -74*r + 256. Determine z(3).
34
Let x(r) = r**2 + 58*r - 1074. Determine x(15).
21
Let w(q) = 842*q - 48866. Give w(58).
-30
Let c(n) = -n**3 + 27*n**2 + 63*n - 138. Determine c(29).
7
Let h(x) = 104*x - 14. Determine h(-1).
-118
Let f(r) = r**3 + 35*r**2 + 257*r - 7. Calculate f(-24).
161
Let v(s) = -141*s + 1414. Determine v(10).
4
Let n(j) = -20*j**2 + 4*j - 5. Calculate n(1).
-21
Let z(w) = 33*w**2 - 11*w - 11. Determine z(2).
99
Let t(z) = z**3 - 12*z**2 - 170*z + 201. Determine t(20).
1
Let p(o) = -779*o + 782. Determine p(1).
3
Let a(d) = -2*d**3 + 10*d**2 - 5*d. Determine a(4).
12
Let f(o) = 2*o**3 + 4*o**2 - 92*o + 25. What is f(-8)?
-7
Let w(j) = j**2 - 91*j + 524. Calculate w(6).
14
Let u(a) = 31*a**2 - 15*a - 25. Calculate u(-2).
129
Let z(b) = -b**3 - 47*b**2 - 51*b - 101. What is z(-46)?
129
Let d(l) = -22*l**2 + 2*l + 5. What is d(5)?
-535
Let s(o) = 3*o**2 - 42*o + 5. Give s(0).
5
Let r(x) = -8*x**2 - 119*x - 487. Determine r(-4).
-139
Let l(b) = -b**3 + 78*b**2 + 71*b + 651. Determine l(79).
19
Let l(u) = 3*u**3 - u**2 - 8*u + 25. What is l(2)?
29
Let r(y) = 6*y**2 + 30*y - 310. Calculate r(-10).
-10
Let i(d) = 8*d**3 - 2*d**2 + 28*d - 53. Calculate i(2).
59
Let k(a) = -19*a**2 + 2106*a + 347. What is k(111)?
14
Let c(l) = l**2 - 280*l - 1140. Determine c(-4).
-4
Let w(q) = -5*q**2 + 2*q + 41. Determine w(-6).
-151
Let v(x) = x**3 - 9*x**2 - x + 5. Calculate v(8).
-67
Let c(l) = -l + 91. Calculate c(40).
51
Let q(z) = -2*z**3 + 53*z**2 - 15*z - 319. Calculate q(26).
-33
Let y(z) = -6*z**3 + 52*z**2 + 13*z + 34. Calculate y(9).
-11
Let g(w) = 2*w**2 + 8*w - 173. What is g(9)?
61
Let f(n) = n**3 - 2*n**2 + 4*n + 20. Calculate f(0).
20
Let x(n) = 3*n**2 + 53*n + 221. Give x(-11).
1
Let d(b) = 2*b**2 + 28*b + 252. Calculate d(-24).
732
Let z(m) = 12*m**2 - 387*m + 81. Give z(32).
-15
Let p(r) = 12*r**2 + 5*r - 2. Determine p(-3).
91
Let i(r) = 5*r**3 - 144*r**2 + 114*r - 105. Calculate i(28).
-49
Let p(d) = -d**2 + 41*d + 229. Calculate p(-5).
-1
Let a(c) = 2*c**3 + c**2 - c - 2. Determine a(-2).
-12
Let u(g) = 2*g**3 + 4*g**2 + 4. Give u(-2).
4
Let u(o) = -12*o**3 - 2*o - 1. What is u(-1)?
13
Let m(n) = -6